pose y*c = 4*f + 24, f = 3*c - 6 - 9. Give q(c).
1
Suppose 5*f + 43 = 3*z, 4*z - 29 = f - 0*f. Let h(u) = 299*u**2 - 1 + z + 2*u - 298*u**2 + 5*u. Calculate h(-5).
-5
Let t(l) = 0*l**2 - 2*l**2 + 118 - 116 - 2*l + 5*l. Calculate t(-2).
-12
Let j be (-276)/(-27) - (-6)/(-27). Suppose -5*w = -j - 5. Let v(z) = z + 5*z**2 - 3 + z - z**w + 0*z**2. Calculate v(5).
7
Let v(i) = -i**3 - 10*i**2 - i - 11. Let l = 70 + -80. Determine v(l).
-1
Let g(n) = -2*n + 35. Let d be (-36)/(-27)*(-72)/(-6). What is g(d)?
3
Let w = 7 + -1. Suppose 0 = t - w + 1. Let v(p) be the first derivative of p**2/2 + 1. Calculate v(t).
5
Let s be (-1*2)/(13/(-143)*-11). Let v(j) be the second derivative of 0 + 1/2*j**2 + 5/6*j**3 - j. Calculate v(s).
-9
Let g(p) = p**2 - 5*p - 2. Let c be 8/(-24) + 1/3 - 0. Let y = c + 4. Calculate g(y).
-6
Let g(w) be the first derivative of 10 + w - 5/3*w**3 - 1/4*w**4 - 5/2*w**2. What is g(-4)?
5
Let v(r) be the third derivative of -r**5/60 - r**4/3 - 2*r**3/3 - r**2. Let k be v(-4). Let t be 5/10*1*k. Let a(h) = h**2 - 6*h + 4. Determine a(t).
4
Let a(i) = -74*i + 967 - 966 + 72*i. Let c be ((-2)/5)/((-1)/10). Determine a(c).
-7
Let x(c) be the second derivative of -c**4/12 + 7*c**3/6 - c**2 - c. Give x(7).
-2
Let i(u) = -u**3 - 3*u**2 + 3*u + 6. Let q(b) = b**2 - 1. Let l(k) = -i(k) - 3*q(k). Determine l(-2).
-5
Let b(h) be the second derivative of h**7/840 - h**6/120 + h**5/40 - 3*h**3/2 + 24*h. Let i(z) be the second derivative of b(z). Give i(2).
2
Let d(l) = -4*l + 2 + 0 + 3*l. Let u be (-24)/2*((-2)/4)/1. Give d(u).
-4
Let g(d) = d**2 + 8*d - 8. Let u be 2 + -6 - (16 + -11). Let f be g(u). Let r(s) = -3*s**3 - 2*s + 1. Give r(f).
-4
Let m(k) = -5*k - 3 - 2*k**2 - k**2 - 1. Suppose 18*i - 13*i = 60. Suppose -7*r - i = -3*r. Determine m(r).
-16
Let b(q) = 2*q - 3. Let z(x) = -1. Let g(h) = -b(h) + 6*z(h). Suppose -102*c - 180*c + 1410 = 0. Determine g(c).
-13
Let v(x) = -4*x + 16*x - 946*x**3 - 13*x**2 + 947*x**3 + 2. Let r(o) = 2*o + 2. Let f be r(5). Let j be v(f). Let i(g) = 2*g**2 - 3*g + 3. Calculate i(j).
5
Let r(t) = -t**3 + t**2 + t + 12. Suppose 0 = -3*b + 46 + 35. Suppose 26*y = b*y. Determine r(y).
12
Let q = -141 + 128. Let l(u) = u**3 + 12*u**2 - 14*u - 8. Give l(q).
5
Let c(z) be the first derivative of 7/2*z**2 + 1/4*z**4 + 0*z - 7/3*z**3 + 2. Let w be (-31 + 27)/((-2)/3). What is c(w)?
6
Suppose 4*f + 2*j + 39 = -j, 0 = -3*j - 3. Let p(t) = t**3 + 10*t**2 + 9*t + 6. What is p(f)?
6
Let c(l) = 6*l**2 - l + 1. Let s be (-3)/(((-2)/(-3))/((-32)/144)). What is c(s)?
6
Let o(n) = -n**3 - 18*n**2 - 15*n + 22. Let f be -3 + ((-4)/(-10) - (-144)/(-10)). What is o(f)?
-12
Let i(s) be the first derivative of -1/12*s**4 + 0*s**2 + 1/3*s**3 + 0*s - 1/30*s**5 - 1. Let c(k) be the third derivative of i(k). Determine c(-2).
6
Let k be (0 - -12)*(-8)/(-7 + -25). Let r(g) = -3*g + g + 13 + 4 + k*g. Determine r(-11).
6
Let y(j) be the second derivative of 27*j**5/20 + j**4/12 - j**2/2 + 146*j. Calculate y(1).
27
Suppose 4*s = 3*s + 4*j - 17, 23 = -3*s + 5*j. Let n(q) = 3*q + 6. Let w(f) = -4*f - 7. Suppose -3*d = -18 - 0. Let z(v) = d*n(v) + 5*w(v). Calculate z(s).
3
Let s be -3*(84/(-9))/4. Suppose 5*p - s = 3. Let d(l) = -5*l**2 + 3*l**2 - 3*l**p + 4*l**2 - 4*l - 6. Determine d(-4).
-6
Let u = -114 - -117. Let j(b) be the third derivative of 0*b + 0 - 5/6*b**u - 1/15*b**5 + 1/8*b**4 - b**2 + 1/120*b**6. What is j(4)?
7
Let w(n) = n**3 - 6*n**2 + 3. Let t be 25 - 25 - 1*-5. Let y = 84 - 47. Suppose -7 = t*j - y. Give w(j).
3
Let q(m) = 4*m**2 - 1. Let w(h) = -h**3 + 6*h**2 + 22*h + 47. Let i be w(9). Give q(i).
15
Let c(g) be the third derivative of g**5/60 - g**4/6 + g**3/6 + 86*g**2. Give c(2).
-3
Suppose 14*x - 45 = 5*x. Let w(p) = 25 + 3*p - 17 - x*p - 11. Suppose -19 = 3*q - 4*u, 5*q - 3*u = -14 - 14. Determine w(q).
7
Let q(w) = w + 8. Let d(m) = -m**3 - 18*m**2 + 24*m + 29. Let n be d(-19). Let i = n - -75. Calculate q(i).
17
Let t = 80 + -30. Let b = -47 + t. Let f(j) = 4*j - 3. What is f(b)?
9
Let a(o) be the first derivative of -o**2/2 + 5*o + 326. Give a(14).
-9
Let z(x) = 3*x + 1. Let h be z(1). Let m be ((-4)/(-6))/(1/3). Let w be (-9)/m - (-2)/h. Let y(q) = q**2 + 4*q - 2. What is y(w)?
-2
Let a(q) be the third derivative of -q**5/12 - q**4/24 - q**3/3 + 2*q**2 + 106. Calculate a(2).
-24
Let k(a) = -a**2 + 14*a + 12. Let y be k(15). Suppose n + 6 = 2*n. Let u(h) = h + 5 - n + 4. Calculate u(y).
0
Let z(j) = -3*j + j**3 + 2*j + 1283 - 1287 - 4*j**2 + 4*j**2 - j**2. What is z(0)?
-4
Let d be 4/(12/15) + (6 + -8 - -4). Let u(t) be the third derivative of t**6/120 - t**5/10 - 7*t**4/24 - t**3/2 - t**2. What is u(d)?
-3
Let a(o) be the first derivative of -7*o**2/2 - o + 2. Let p be a(-3). Let c(r) = 1 + p*r - 18*r - 1. Calculate c(-5).
-10
Let z(q) = -1. Let w(k) = -2*k + 14. Let b(p) = -w(p) - 4*z(p). Let u be b(7). Let o(l) = l**2 - l - 2. Give o(u).
10
Let a(k) be the first derivative of -k**5/120 - k**4/4 + k**3/3 + 2. Let w(j) be the third derivative of a(j). Suppose -5*m + 32 = 7. What is w(m)?
-11
Let o(b) = -5 + 0 + 2 + 8 - 4 - b. Calculate o(16).
-15
Let q(s) = 14*s + 101 + 106 - 308 + 104. Calculate q(1).
17
Suppose 0 = s + 1, 2*a + 4*s - 10 = -0*s. Let x(q) = -q**2 + 6*q + 9. Determine x(a).
2
Let d(h) = h - 2. Let x(z) = 16*z - 40. Let l(f) = 20*d(f) - x(f). Determine l(3).
12
Let r(v) = v**3 - 6*v**2 + 5*v + 1. Let t be r(5). Let i(a) = t + 2 - 6 + 5*a**2 - 3*a - 4*a**2. Give i(5).
7
Let z(a) = 0*a + 225*a**3 - 226*a**3 - 5*a**2 - a. Determine z(-3).
-15
Let l(m) = m + 11. Let v(d) = -5*d - 57. Let f(h) = 11*l(h) + 2*v(h). What is f(-11)?
-4
Let l(h) be the first derivative of -h**2 - 3*h - 5. Let j = -13 - -15. Suppose -4*g = 12, m + j*g + 5 = -g. Give l(m).
-11
Let h(q) = 100*q**2 + 1 - 25*q**2 - 25*q**2 - 21*q**2 - 27*q**2 + 4*q. Give h(-3).
7
Suppose u - 10 = -2*r - 1, 3*r - 3*u - 18 = 0. Let v(t) = -t + 17. Let y be v(12). Let g(p) = -r + 4*p - y*p + 0. What is g(0)?
-5
Let j(m) be the first derivative of m**3/3 + 8*m**2 - 6*m - 8. Let t be j(-16). Let d(o) = -o**3 - 7*o**2 - 6*o + 3. Give d(t).
3
Let w(l) = 203*l**2 - 202*l**2 + 37 - 40. Let m = -8 + 11. Determine w(m).
6
Let w(a) be the second derivative of -a**7/2520 + a**6/144 + a**5/30 + 5*a**4/4 + 6*a. Let x(q) be the third derivative of w(q). Give x(5).
4
Let p(b) = b**2 - 7*b + 6. Let n be (3 + (-20)/16)*4. Calculate p(n).
6
Let h(g) = g**2 - 6*g + 9. Suppose 7*x - 2*x = 10. Suppose 5*w = 3*p - 3, x*w = 3*p + 8 - 20. What is h(p)?
9
Let l be (4/8 + 0)/(2/4). Let g(d) be the first derivative of 3*d**2 + 20. Give g(l).
6
Let i(w) = 0 + 0*w - w + 3 - 9*w. Calculate i(1).
-7
Let w(d) = -d**3 - 14*d**2 - 12*d + 5. Let i be 1*((-1170)/(-9))/(-10). Give w(i).
-8
Let g(z) = -2*z**3 - 3*z**3 - 8 + 9 - z. Calculate g(1).
-5
Let r(n) be the second derivative of -n**5/20 - 2*n**4/3 - 5*n**3/6 + 5*n**2 - n. Suppose -q = 6*q - 301. Let j = q - 50. Give r(j).
-4
Let f be (-2)/(-5) + (-4)/10. Suppose -22 = 2*b + 4*j + 4, 4*b - 2*j + 12 = f. Let g(n) = n**3 + 4*n**2 - 5*n - 2. Give g(b).
-2
Let j(k) = 4*k - 4. Let q(y) = -3*y**3 + y + 0*y**3 + 5*y**3 - 5 - 3*y**2 + 2*y. Let i be q(2). What is j(i)?
16
Suppose -4*f + 24 - 8 = 0. Let w(m) = 3*m**3 + 8*m**2 - 11*m + 13. Let q(s) = 2*s**3 + 4*s**2 - 6*s + 7. Let n(r) = 5*q(r) - 3*w(r). Determine n(f).
8
Let y(c) = -3*c. Suppose -9*u - 8 = -13*u. Suppose u = -5*o - 8, 0 = -v + 4*o + 3. Give y(v).
15
Let h(s) = -s + 1. Let a be 102/(-51)*(-4)/2. What is h(a)?
-3
Suppose 335 - 860 = 7*x. Let q = -67 - x. Let p(c) = -3*c + 11. Let f(g) = -7*g + 22. Let a(i) = 2*f(i) - 5*p(i). Calculate a(q).
-3
Let f(x) = x - 3. Let q(u) = u**2 + 9*u + 12. Let p be q(-9). Let b be 2/p + (-29)/(-6). What is f(b)?
2
Let d(j) = -6*j + 2. Let a(q) = -3*q**2 + q. Suppose -5*g + 2*s + s - 10 = 0, 2*s + 10 = -5*g. Let m be a(g). Let w = -12 - m. What is d(w)?
-10
Let c be 2 + 6*-1 + -2. Let g be 5/1*c/(-10). Let z(s) = s**3 - s**2 - 4*s - 3. Let f(m) = -2*m**3 + 2*m**2 + 7*m + 5. Let w(j) = 3*f(j) + 5*z(j). Give w(g).
-15
Let g be (-2)/(6/9)*-3. Let u = -38 + 24. Let p = g + u. Let b(q) = -q**2 - 6*q - 1. Give b(p).
4
Let l be 5/1 - 4/(-6)*-3. Suppose 4*k - 9 = -3*c, -4*c = l*k - 16 + 4. Let q(n) = 3*n + 2. Determine q(c).
11
Suppose -6*c + 4